0555 (base 6) to base 2.
11100101000000010110111
-2032033203 (base 4) to base 2
-10001110001111100011
Convert 12134113 (base 6) to base 9.
647220
What is 2537207 (base 9) in base 5?
323224312
1088671 (base 13) to base 7
61061641
-1221230041 (base 5) to base 16
-2c785c
What is 1102120111111 (base 3) in base 16?
b95d5
3664304 (base 7) to base 6
14022342
Convert -33983 (base 11) to base 3.
-2111100101
What is 211203131 (base 4) in base 9?
254002
What is 49852a (base 11) in base 10?
787258
What is -1082361 (base 9) in base 12?
-242b31
d353 (base 14) to base 16
8ded
1041315 (base 6) to base 2
1100101111001111
Convert 46522435 (base 7) to base 3.
21200210011111
What is -116029 (base 10) in base 14?
-303db
8a298 (base 13) to base 14
6762d
Convert -620 (base 9) to base 15.
-239
Convert -12120220202200 (base 3) to base 13.
-8000c4
What is -134400133 (base 5) in base 6?
-23000535
Convert 12612006 (base 7) to base 8.
4337030
6a526 (base 15) to base 5
41314121
What is -21001111002 (base 3) in base 15?
-2b228
-402c6 (base 13) to base 12
-564a0
-1200012100222 (base 3) to base 15
-1288ee
Convert e2b7e (base 15) to base 3.
1100111001002
What is 20201333 (base 4) in base 5?
2104233
What is 147416 (base 8) in base 3?
2200201012
-1690002 (base 12) to base 4
-101303010002
Convert -1033230422 (base 5) to base 15.
-2e4727
50091 (base 12) to base 5
11310124
What is 3824723 (base 9) in base 13?
57c360
What is -100000010001100110 (base 2) in base 11?
-90360
Convert 705830 (base 11) to base 15.
176478
Convert -1435231 (base 6) to base 16.
-14383
What is 1117492 (base 10) in base 2?
100010000110100110100
Convert -7402542 (base 10) to base 16.
-70f42e
45077 (base 14) to base 9
274668
-2220453 (base 6) to base 8
-332021
Convert 3337189 (base 10) to base 9.
6245677
Convert 440144101 (base 5) to base 10.
1881151
Convert -1363132 (base 7) to base 8.
-546431
Convert -6b717 (base 13) to base 4.
-300002000
What is -2111132110 (base 4) in base 8?
-2253624
-2abae9 (base 15) to base 11
-1190184
Convert -396569 (base 11) to base 13.
-18aab4
431d (base 16) to base 7
101043
Convert 5627b (base 14) to base 11.
133071
-10822348 (base 9) to base 6
-304543112
Convert 101011000100101111100 (base 2) to base 10.
1411452
What is -2aa9454 (base 11) in base 12?
-1942498
What is 12e50d8 (base 15) in base 10?
13635203
What is -7454366 (base 8) in base 12?
-7bab5a
Convert -424152 (base 8) to base 12.
-69a0a
What is -14930b (base 15) in base 8?
-3623250
What is -2630a1 (base 16) in base 6?
-125351041
What is -235a7 (base 16) in base 3?
-21100122020
-149ba (base 13) to base 16
-986f
What is -41587a (base 14) in base 15?
-2d8573
What is 212122102000 (base 3) in base 4?
1301213313
-526a8 (base 14) to base 7
-1455601
What is 65212 (base 11) in base 4?
113020210
Convert -7ca30 (base 13) to base 16.
-37ab4
-3040114 (base 8) to base 7
-6552536
What is 5a5141 (base 16) in base 15?
7bdbcb
What is 2104240403 (base 5) in base 9?
8187066
What is -13264523 (base 8) in base 3?
-12121012102022
What is 200044 (base 9) in base 14?
310a6
-240012120 (base 5) to base 8
-4132004
-354524 (base 6) to base 4
-13202110
Convert -7104522 (base 9) to base 3.
-21010011120202
What is 11110110101100000110110 (base 2) in base 7?
125465041
Convert 30ba2 (base 13) to base 3.
11110021012
Convert 67cb7 (base 15) to base 7.
2543551
What is -14a6a (base 12) in base 9?
-44011
-214845 (base 13) to base 3
-1110200210200
What is -172275 (base 10) in base 3?
-22202022120
What is -138887 (base 11) in base 3?
-102000020101
What is -13353 (base 16) in base 11?
-54123
-56098 (base 10) to base 15
-1194d
Convert -532589a (base 11) to base 5.
-4400043342
What is -738055 (base 10) in base 2?
-10110100001100000111
518477 (base 9) to base 16
4b340
Convert 9faa1 (base 16) to base 8.
2375241
Convert -402230024 (base 5) to base 4.
-12013011201
Convert -20200300303 (base 4) to base 12.
-8b7357
Convert -1b9b97 (base 13) to base 14.
-145a3a
What is -50434 (base 14) in base 4?
-233012032
Convert -100000011210 (base 3) to base 9.
-300153
What is -54211 (base 12) in base 2?
-11011000100101101
-1314222 (base 6) to base 5
-4302410
What is 33a2336 (base 11) in base 3?
102012011011202
Convert -43044204 (base 5) to base 11.
-228331
Convert -500ce6 (base 15) to base 8.
-16375357
What is 1010001100000101100001 (base 2) in base 5?
1140432240
167190 (base 16) to base 8
5470620
What is -a357 (base 13) in base 6?
-252221
101011011001110011011 (base 2) to base 15
1d160a
-349a0 (base 15) to base 8
-507176
What is 23400124 (base 7) in base 12?
838454
Convert -1032343431 (base 5) to base 9.
-4170457
What is 141d9 (base 14) in base 4?
30021303
-cab7b (base 13) to base 9
-617863
What is 22102222222 (base 3) in base 16?
28943
Convert -1428440 (base 10) to base 12.
-58a788
What is 101110010111101011001101 (base 2) in base 12?
40a25a5
What is -1614663 (base 7) in base 8?
-662613
-201021020001 (base 3) to base 13
-103807
8ebfc5 (base 16) to base 3
122121021221002
-1605042 (base 8) to base 7
-3631014
Convert 1012220022 (base 3) to base 8.
56660
What is 101655 (base 7) in base 5?
1024414
Convert -110000101011000 (base 2) to base 6.
-311212
Convert 387871 (base 9) to base 13.
83227
-11101100010000011 (base 2) to base 6
-2332003
Convert 1265477 (base 8) to base 4.
1112230333
What is 460927 (base 12) in base 7?
12346300
Convert -36133 (base 15) to base 3.
-22202111010
-905249 (base 10) to base 11
-569144
What is -730742 (base 9) in base 13?
-1224b3
Convert 566ac (base 15) to base 3.
111222002000
What is 55240 (base 7) in base 6?
144034
-133a6c (base 16) to base 4
-10303221230
Convert 98999 (base 15) to base 6.
14220230
What is -145421440 (base 6) in base 12?
-103a880
-55000411 (base 6) to base 16
-18eb57
What is 1af7bc (base 16) in base 8?
6573674
-1981901 (base 12) to base 14
-a05c53
Convert -3112233020 (base 4) to base 14.
-18c77a
What is 9d9e3 (base 15) in base 2?
1111010011111101010
16129075 (base 10) to base 9
33312834
What is 1469349 (base 14) in base 10?
9936677
Convert 27ba2a (base 12) to base 3.
1020200212121
Convert -57ca9d (base 14) to base 4.
-23122232203
What is 1196916 (base 10) in base 6?
41353140
Convert -bc36e (base 16) to base 2.
-10111100001101101110
What is -10332412033 (base 5) in base 9?
-23085147
28273 (base 13) to base 8
222572
What is -111001001100001010001 (base 2) in base 3?
-10112012122110
5189619 (base 10) to base 8
23627763
Convert -6ad31d (base 14) to base 6.
-210102023
Convert -688c (base 16) to base 14.
-9a7a
What is -bae5a (base 15) in base 16?
-90fc4
Convert 1021311003 (base 4) to base 6.
10252003
-130136 (base 7) to base 11
-17107
Convert 440361 (base 8) to base 5.
14211242
-1451550 (base 6) to base 8
-245272
What is -12011101022 (base 3) in base 7?
-602144
Convert -c4cb6 (base 14) to base 4.
-1303311300
Convert e70bb (base 15) to base 2.
10110010110110000111
What is -6b82a9 (base 13) in base 4?
-21300333232
Convert -9374a (base 11) to base 9.
-227417
11100110000111101000001 (base 2) to base 4
130300331001
Convert 551201 (base 7) to base 12.
47a02
What is 201164605 (base 7) in base 4?
230203212013
What is -35763 (base 12) in base 8?
-214373
Convert 546601 (base 11) to base 13.
2471bb
Convert -10200342 (base 6) to base 10.
-295622
103320220 (base 4) to base 11
56214
Convert a22b3b (base 16) to base 5.
10210043044
-23604543 (base 7) to base 15
-2b7e83
-cf98f (base 16) to base 15
-11be2e
-10202021121 (base 4) to base 11
-741991
What is -7772 (base 9) in base 7?
-22502
Convert -2e89d2 (base 15) to base 2.
-1000100110111101010010
What is 349771 (base 12) in base 7?
10122502
663317 (base 11) to base 7
11666040
Convert 601300 (base 7) to base 8.
305724
What is -471714 (base 8) in base 16?
-273cc
10020012022012 (base 3) to base 12
6a927b
What is 211031301001 (base 4) in base 5?
4444140323
What is 104e2b (base 15) in base 9?
1412505
What is -1255573 (base 10) in base 2?
-100110010100010010101
Convert 474303 (base 8) to base 10.
161987
-40a210 (base 14) to base 2
-1000010100000001000110
Convert -1010001010011000 (base 2) to base 4.
-22022120
13819a6 (base 13) to base 9
12547722
Convert 3003123333 (base 4) to base 11.
4a7488
-16244850 (base 9) to base 4
-132332110032
-180086 (base 16) to base 15
-211118
Convert -333103112 (base 4) to base 3.
-11101120001